5).
-1
Let o(q) = -125611*q - 15701362. Give o(-125).
13
Let n(o) = 47*o + 1244. Give n(-25).
69
Let r(b) = b**3 + 41*b**2 + 80*b - 27. Give r(-39).
-105
Let w(n) = 122*n - 198. Determine w(-10).
-1418
Let z(s) = -s**3 + 48*s**2 - 207*s - 2. Calculate z(0).
-2
Let m(c) = 4*c**3 + 27*c**2 - 133*c - 801. What is m(-7)?
81
Let x(n) = 40*n**2 - 2976*n + 48841. Give x(50).
41
Let d(l) = -3319*l + 96251. Determine d(29).
0
Let i(w) = -12*w**3 + 580*w**2 + 5081*w + 3973. Give i(56).
-3
Let t(n) = 14*n**3 - 865*n**2 - 11466*n + 369. Determine t(73).
4
Let r(h) = -136278*h - 953971. What is r(-7)?
-25
Let q(v) = 1818*v**3 + v**2 + 648*v - 647. Give q(1).
1820
Let d(z) = 2*z**2 - 1488*z - 54505. Calculate d(-35).
25
Let n(v) = -1024*v + 6179. Determine n(6).
35
Let d(o) = -145512*o - 727550. Give d(-5).
10
Let z(y) = 204*y**2 + 1618*y - 103. Give z(-8).
9
Let w(b) = 580*b + 12171. Calculate w(-21).
-9
Let w(k) = -150*k**2 + 14725*k - 60. Determine w(98).
2390
Let c(y) = -y**3 - 4*y**2 + 3476*y - 33340. Calculate c(10).
20
Let g(p) = 132558*p + 530273. Determine g(-4).
41
Let y(v) = -v**3 + 21*v**2 - 220*v + 1772. What is y(14)?
64
Let z(n) = 1509*n**2 - 277*n - 278. What is z(-1)?
1508
Let h(t) = 5*t**2 - 142*t - 633. Determine h(32).
-57
Let p(g) = 2*g**3 - 4*g**2 - 489*g - 4427. Give p(-10).
-1937
Let f(d) = 3*d**3 - 235*d**2 + 513*d + 1478. What is f(76)?
34
Let d(a) = 309*a**2 - 2520*a. What is d(8)?
-384
Let k(o) = o**2 + 1852*o - 1695942. Calculate k(672).
186
Let l(i) = 3*i**2 - 5832*i + 2618882. Determine l(704).
2
Let c(s) = -s**3 - 227*s**2 + 4668*s + 101. Give c(19).
-13
Let f(o) = -11*o**3 - 11043*o**2 + 998*o - 5983. Determine f(-1004).
41
Let p(v) = -24*v**2 - 10*v + 112. Calculate p(5).
-538
Let x(f) = -21*f**3 - 3*f**2 - 623*f - 1252. Calculate x(-2).
150
Let j(r) = -4*r**3 + 31*r**2 - 8*r - 38. What is j(10)?
-1018
Let q(j) = -37*j + 123. What is q(-21)?
900
Let h(t) = 4607*t + 935275. What is h(-203)?
54
Let z(d) = -9548*d - 1012090. Give z(-106).
-2
Let p(o) = o**3 - 25*o**2 - 223*o + 2043. Determine p(30).
-147
Let g(f) = -50049*f + 250175. Determine g(5).
-70
Let g(a) = 3*a**2 + 927*a + 69334. Calculate g(-181).
-170
Let l(g) = -g**2 + 143*g - 5349. Give l(66).
-267
Let n(d) = -7*d - 3427. Give n(-174).
-2209
Let i(u) = 1206*u + 299183. Determine i(-248).
95
Let s(n) = 9*n**2 - 1411*n + 45143. What is s(112)?
7
Let g(z) = 21*z**3 - z**2 + 4*z + 63. Give g(4).
1407
Let d(w) = -24*w + 987. Calculate d(40).
27
Let l(p) = -16057*p - 31. Give l(0).
-31
Let x(y) = -36*y**3 + 187*y**2 + 39*y - 82. What is x(5)?
288
Let k(a) = -11*a**2 - 45*a - 141. Calculate k(6).
-807
Let l(v) = 2826*v - 604755. Give l(214).
9
Let r(b) = b**3 - 1544*b**2 + 13811*b + 10. Calculate r(9).
-26
Let j(x) = 102160*x - 715295. What is j(7)?
-175
Let s(m) = -m**3 + 234*m**2 + 946*m + 1426. Calculate s(238).
-2
Let o(i) = -386*i**2 - 2312*i + 16. Give o(-6).
-8
Let c(y) = -223905*y - 895629. Determine c(-4).
-9
Let f(k) = -9015*k + 189433. Give f(21).
118
Let k(r) = r**3 + 20*r**2 - 288*r - 113. Give k(9).
-356
Let o(q) = -2*q**3 + 962*q**2 + 4847*q + 6406. Determine o(486).
88
Let b(l) = -2*l**3 + 21*l**2 - 51*l - 102. Determine b(11).
-784
Let x(i) = 9*i**2 + 1797*i - 308. Calculate x(-201).
2104
Let s(r) = -13590*r - 285590. Calculate s(-21).
-200
Let b(k) = 2*k**3 - 23*k**2 - 284*k + 2094. Calculate b(6).
-6
Let m(w) = 5*w**3 + 44*w**2 + 69*w + 706. Determine m(-9).
4
Let x(c) = -4*c**3 - 7*c**2 + 7856*c - 23470. What is x(3)?
-73
Let y(g) = g**3 + 40*g**2 + 83*g - 971. Calculate y(-37).
65
Let l(y) = y**3 - 111*y**2 - 1068*y + 195. Determine l(-9).
87
Let f(m) = -m**3 + 9*m**2 - 873*m + 5110. Calculate f(6).
-20
Let g(r) = 6457*r**3 + 4*r**2 + 187*r - 185. Give g(1).
6463
Let f(c) = 2*c**3 + 31*c**2 + 1443*c + 25133. Determine f(-17).
-265
Let x(o) = 9*o**2 - 7421*o - 70788. Calculate x(834).
102
Let z(p) = p**2 + 21*p - 1293. What is z(-48)?
3
Let l(v) = 46*v**2 + 5593*v - 7968. What is l(-123)?
27
Let z(f) = -f**2 - 7645*f + 1034494. What is z(133)?
20
Let w(j) = -2*j**3 + 106*j**2 - 180*j - 1325. Determine w(51).
-101
Let c(h) = 137807*h + 2893931. What is c(-21)?
-16
Let y(u) = 9169*u + 119208. Give y(-13).
11
Let p(f) = 5*f**2 - 3349*f - 20993. What is p(676)?
-37
Let d(h) = 203*h + 16521. Give d(-80).
281
Let u(y) = -41830*y - 166892. What is u(-4)?
428
Let p(m) = -6488*m**2 + 91*m - 1. Determine p(0).
-1
Let d(i) = 5*i**3 + 201*i**2 - 411*i - 17839. What is d(-40)?
201
Let j(p) = -p**3 + 23*p**2 - 40*p + 40. What is j(21)?
82
Let j(m) = -m**3 - 67*m**2 - 988*m + 409. Calculate j(-44).
-647
Let h(d) = d**3 - 63*d**2 + 961*d - 61546. Calculate h(63).
-1003
Let n(c) = -5663*c**2 - 28287*c + 131. What is n(-5)?
-9
Let u(t) = t**3 - 16*t**2 - 14102*t - 559. Calculate u(-111).
-4
Let o(r) = 92869*r - 92866. What is o(1)?
3
Let z(h) = -136*h**2 + 1121*h + 895. What is z(9)?
-32
Let k(l) = -627*l - 139351. Determine k(-222).
-157
Let q(w) = 3*w**3 + 1580*w**2 + 1052*w + 416. Determine q(-526).
416
Let c(w) = w**3 - 2*w**2 - 143*w + 1. Determine c(0).
1
Let s(a) = a**2 + 84*a + 811. What is s(-85)?
896
Let l(b) = -2*b**3 + 21*b**2 - 45*b + 356. Calculate l(10).
6
Let y(t) = t**3 + 13*t**2 - 5271*t + 21944. What is y(64)?
-8
Let d(u) = 3800*u - 19026. Determine d(5).
-26
Let a(j) = 344*j + 3000. Calculate a(-4).
1624
Let u(p) = p**3 + 10*p**2 - 411*p - 2683. Give u(-6).
-73
Let p(l) = -2*l**3 + 460*l**2 + 954*l - 6036. Give p(232).
-4
Let d(u) = -2580438*u + 10321760. Calculate d(4).
8
Let c(d) = -1001*d + 4058. What is c(4)?
54
Let m(d) = 811*d + 4780. What is m(-8)?
-1708
Let y(l) = -5900*l - 578189. Determine y(-98).
11
Let x(y) = -y**3 - 39*y**2 - 259*y + 6. Give x(-11).
-533
Let s(g) = 431*g**2 - 92*g - 12. Calculate s(3).
3591
Let c(p) = -p**3 + 241*p**2 - 11543*p - 504. Determine c(66).
-42
Let m(i) = -5439827*i - 10879643. What is m(-2)?
11
Let g(v) = 11*v**3 - 3282*v**2 + 1186*v + 55. Calculate g(298).
-1733
Let i(n) = -n**3 - 67*n**2 - 59*n + 1559. What is i(-66)?
1097
Let i(h) = 399*h**2 + 6*h - 6. Give i(-1).
387
Let u(c) = -6*c**3 + 21*c**2 + 42*c - 11. Give u(5).
-26
Let l(g) = -539907*g - 16737127. Calculate l(-31).
-10
Let o(i) = 93*i + 10852. Calculate o(-115).
157
Let o(s) = -s**2 - 125*s + 4508. What is o(33)?
-706
Let o(w) = -7*w**2 - 502*w + 11842. Calculate o(-91).
-443
Let j(s) = 141*s**2 - 189*s + 28. Calculate j(5).
2608
Let q(b) = 384*b + 49046. Calculate q(-119).
3350
Let c(x) = 4*x**2 + 520*x - 7501. What is c(13)?
-65
Let g(p) = -13857*p**2 + 388016*p - 561. Determine g(28).
-1
Let b(q) = 2*q**3 - 269*q**2 + 123*q + 356. Give b(134).
-1118
Let x(j) = -1532*j - 30641. Give x(-20).
-1
Let a(i) = 5*i**2 - 1092*i - 19420. What is a(235)?
85
Let l(s) = -6312*s - 4948608. Give l(-784).
0
Let w(i) = 206*i - 1946. Calculate w(0).
-1946
Let d(i) = -9628*i + 144433. What is d(15)?
13
Let p(x) = -x**3 - 122*x**2 - 82*x + 18976. What is p(-120)?
16
Let x(j) = -3104*j**2 - 9349*j - 88. Calculate x(-3).
23
Let x(p) = -132*p**2 - 5240*p - 17549. Give x(-36).
19
Let c(l) = -5*l**3 + 247*l**2 - 328*l - 334. Give c(48).
50
Let l(q) = -4*q**3 - 176*q**2 - 9*q - 902. Give l(-44).
-506
Let g(a) = 13733*a - 27928. Give g(2).
-462
Let j(f) = -f**3 - 24*f**2 - 51*f + 251. What is j(-21)?
-1
Let h(c) = -c**3 - 38*c**2 - 128*c - 824. Calculate h(-35).
-19
Let a(l) = -12*l**3 - 25*l**2 + 55*l + 83. Calculate a(-3).
17
Let o(t) = -2*t**3 - 3*t**2 - 42*t - 835. Determine o(-7).
-2
Let y(h) = -12*h**3 - 198*h**2 - 88*h + 147. Calculate y(-16).
19
Let u(q) = 5*q**2 + 117*q + 147. What is u(-22)?
-7
Let n(v) = 2*v**2 - 181*v + 2011. Calculate n(54).
-1931
Let m(d) = 524*d + 289678. Calculate m(-553).
-94
Let w(f) = f**2 - 186882*f + 1121258. Calculate w(6).
2
Let m(q) = q**3 - 138*q**2 - 576*q - 38. What is m(-4)?
-6
Let a(d) = 235826*d - 3065767. What is a(13)?
-29
Let s(m) = 2*m**3 + 59*m**2 - 1479*m + 335. Give s(16).
-33
Let h(v) = v**2 + 467*v + 19667. Determine h(-47).
-73
Let t(m) = -104*m - 1531. What is t(-8)?
-699
Let t(x) = -4*x**3 - 66*x**2 - 10*x - 726. Determine t(-17).
22
Let o(l) = -607*l + 54895. Give o(90).
265
Let b(d) = -934*d + 58125. Give b(62).
217
Let m(v) = -v**2 - 10534*v - 147252. Calculate m(-14).
28
Let s(d) = -3*d**2 + 397*d + 1983